{"id":14,"date":"2015-03-18T10:22:22","date_gmt":"2015-03-18T09:22:22","guid":{"rendered":"https:\/\/gastonx.net\/kunden\/gruler\/?page_id=14"},"modified":"2016-01-04T23:32:23","modified_gmt":"2016-01-04T22:32:23","slug":"home","status":"publish","type":"page","link":"https:\/\/dr-gruler.de\/","title":{"rendered":"Home"},"content":{"rendered":"<div class=\"page\" title=\"Page 1\">\n<div class=\"layoutArea\">\n<div class=\"column\">\n<p>Sehr geehrte Damen und Herren, liebe Patientinnen und Patienten,<\/p>\n<p>herzlich willkommen auf der Homepage meiner Praxis f\u00fcr Allgemeinmedizin in Trossingen.<\/p>\n<p>Nachdem ich mehrere Jahre Berufserfahrung in T\u00fcbingen, Z\u00fcrich, M\u00fcnchen, Stuttgart und Kirchentellinsfurt<br \/>\nsammeln konnte und meine Facharztausbildung erfolgreich abgeschlossen habe, m\u00f6chte ich nun wieder in die Heimat zur\u00fcckkehren.<\/p>\n<p>Mit gro\u00dfer Freude werde ich meine T\u00e4tigkeit als Haus\u00e4rztin ab dem 04. Mai 2015 in neuen Praxisr\u00e4umen in der<br \/>\nBismarckstr. 64 im <i><span style=\"color: #ff0000;\">Medi<\/span><\/i><span style=\"color: #808080;\">Tro<\/span> \u00c4rztehaus Trossingen beginnen.<\/p>\n<p>Ich freue mich sehr dar\u00fcber, meinen Beitrag leisten zu d\u00fcrfen, die haus\u00e4rztliche Versorgung in der Region sicherzustellen.<\/p>\n<p>&nbsp;<\/p>\n<p>Ich lebe und arbeite nach dem Leitbild \u201eDer Mensch im Mittelpunkt\u201c.<br \/>\nDas bedeutet, ich tue mein M\u00f6glichstes, dass sich Menschen in Krankheit und Hinf\u00e4lligkeit getragen wissen<br \/>\nvon Zuwendung, Respekt und Sicherheit.<\/p>\n<p>Mein Praxisteam und ich freuen sich, Sie begr\u00fc\u00dfen zu d\u00fcrfen.<\/p>\n<p>Mit freundlichen Gr\u00fc\u00dfen<\/p>\n<p>Dr. med. Miriam Gruler<\/p>\n<\/div>\n<\/div>\n<\/div>\n","protected":false},"excerpt":{"rendered":"<p>Sehr geehrte Damen und Herren, liebe Patientinnen und Patienten, herzlich willkommen auf der Homepage meiner Praxis f\u00fcr Allgemeinmedizin in Trossingen. Nachdem ich mehrere Jahre Berufserfahrung in T\u00fcbingen, Z\u00fcrich, M\u00fcnchen, Stuttgart und Kirchentellinsfurt sammeln konnte und meine Facharztausbildung erfolgreich abgeschlossen habe, m\u00f6chte ich nun wieder in die Heimat zur\u00fcckkehren. Mit gro\u00dfer Freude werde ich meine T\u00e4tigkeit &hellip; <a href=\"https:\/\/dr-gruler.de\/\" class=\"more-link\"><span class=\"screen-reader-text\">Home<\/span> weiterlesen <span class=\"meta-nav\">&rarr;<\/span><\/a><\/p>\n","protected":false},"author":1,"featured_media":0,"parent":0,"menu_order":0,"comment_status":"open","ping_status":"open","template":"","meta":{"footnotes":""},"class_list":["post-14","page","type-page","status-publish","hentry"],"_links":{"self":[{"href":"https:\/\/dr-gruler.de\/index.php?rest_route=\/wp\/v2\/pages\/14","targetHints":{"allow":["GET"]}}],"collection":[{"href":"https:\/\/dr-gruler.de\/index.php?rest_route=\/wp\/v2\/pages"}],"about":[{"href":"https:\/\/dr-gruler.de\/index.php?rest_route=\/wp\/v2\/types\/page"}],"author":[{"embeddable":true,"href":"https:\/\/dr-gruler.de\/index.php?rest_route=\/wp\/v2\/users\/1"}],"replies":[{"embeddable":true,"href":"https:\/\/dr-gruler.de\/index.php?rest_route=%2Fwp%2Fv2%2Fcomments&post=14"}],"version-history":[{"count":14,"href":"https:\/\/dr-gruler.de\/index.php?rest_route=\/wp\/v2\/pages\/14\/revisions"}],"predecessor-version":[{"id":288,"href":"https:\/\/dr-gruler.de\/index.php?rest_route=\/wp\/v2\/pages\/14\/revisions\/288"}],"wp:attachment":[{"href":"https:\/\/dr-gruler.de\/index.php?rest_route=%2Fwp%2Fv2%2Fmedia&parent=14"}],"curies":[{"name":"wp","href":"https:\/\/api.w.org\/{rel}","templated":true}]}}